/(1/(-7)). Let w = -3 + o. What are the prime factors of w?
3
Let k = 878 + -406. List the prime factors of k.
2, 59
Let p(y) = 12*y - 22. Let t(r) = 49*r - 88. Let b(h) = 26*p(h) - 6*t(h). What are the prime factors of b(9)?
2, 59
Let w(d) = -4*d**3 - 13*d**2 - 30*d - 19. What are the prime factors of w(-10)?
11, 271
Let p = -29 - -17. Let s = -32 - p. Let x = -7 - s. What are the prime factors of x?
13
Let x = 982 - 94. Suppose -6*g - 2*g = -x. What are the prime factors of g?
3, 37
Suppose 0*q - 4*q - 3*m = -2151, 0 = 2*q - 4*m - 1092. Suppose q = 4*s + 4*v, 2*s + 9*v - 4*v - 255 = 0. List the prime factors of s.
2, 5, 7
Let r = 1434 + -734. List the prime factors of r.
2, 5, 7
Let m(q) = q**3 - 2*q**2 - q + 1. Let h be m(3). Let y be 70/(-3)*(h - 10). Suppose -t + y = 4*t. List the prime factors of t.
2, 7
Suppose 1766 = 2*f - 8*c + 4*c, 0 = -2*f + c + 1754. List the prime factors of f.
5, 7
Suppose -5*p - 2*r = 340, -178 = 3*p - r - 3*r. List the prime factors of 4 - p/(-12) - 230/(-4).
2, 7
Let x be (-152)/20*(-9 + -1). Suppose 48 - 252 = -2*v + 5*q, 0 = -v - 4*q + x. Suppose 8 = 5*i - v. What are the prime factors of i?
2, 5
Let p = -104 + 141. List the prime factors of p.
37
Suppose -2*k + 1657 = 737. List the prime factors of k.
2, 5, 23
Suppose -5*o + v = -31, -3*o - 4*v = -2*v - 29. Suppose 37 = 3*q + o. Let u = q + 21. List the prime factors of u.
31
List the prime factors of (-5)/(40/102)*136/(-3).
2, 17
Let z = -70 + 74. Suppose 2*y + 6*n - 90 = 3*n, y - z*n - 67 = 0. What are the prime factors of y?
3, 17
Let c be (-66)/(-77)*56/18*9. Let d(m) = m**3 - 24*m**2 + 10*m + 19. List the prime factors of d(c).
7, 37
Let l = 10 - -58. Suppose 4*k + 136 + l = 4*s, 2*s - 4*k - 100 = 0. What are the prime factors of s?
2, 13
Suppose -14 = 2*d + 2. Let z be ((-27)/36)/(2/d). Suppose -z*f - 54 = -b, -5*f + 1 = 11. What are the prime factors of b?
2, 3
Suppose -3317 = -37*c + 4527. What are the prime factors of c?
2, 53
Let u be (-44)/(-14) - 5/35. Suppose -l = -4*y + 205, 5*y - 2*l - u*l = 245. List the prime factors of y.
2, 13
Suppose 39 - 17 = p + 5*g, g = -3*p + 10. What are the prime factors of (-662)/(4/p)*-1?
331
Let t be ((-6)/(-4))/(65/(-10) + 7). Suppose 4*g = p - 3*p + 480, t*g - 5*p - 360 = 0. List the prime factors of g.
2, 3, 5
Suppose -i + 2*n + 0 = -4, -5*i = 2*n - 8. Suppose -i*b = 3*b - 5. Suppose -5 = -3*w + b. List the prime factors of w.
2
Let r = 2857 - -619. What are the prime factors of r?
2, 11, 79
Let y = -32 + 32. Suppose -5*j + y = -15. What are the prime factors of j*((-1240)/12)/(-5)?
2, 31
Suppose -6*a + 2*j - 184 = -2*a, a - 3*j = -46. Let r be (a/(-10) - 4)*5. Suppose 0 = r*v - 32 - 70. What are the prime factors of v?
2, 17
Let a(k) be the first derivative of k**3/3 + 9*k**2 - 25*k + 33. List the prime factors of a(-20).
3, 5
Let w be -1 - -138 - (0 + 5/5). Suppose -130*p = -w*p + 90. List the prime factors of p.
3, 5
Let c = -259 - -365. List the prime factors of c.
2, 53
Let g(c) = -c + 7. What are the prime factors of g(-37)?
2, 11
Suppose -71*j + 68*j + 1296 = 0. List the prime factors of j.
2, 3
Let g(k) = -k. Let d(c) = -c**2 - 16*c - 9. Let p(j) = d(j) + 5*g(j). List the prime factors of p(-8).
5, 19
Suppose 3*t + 1617 = 4*f, -f - 1647 = -5*f - 3*t. Suppose -f = -5*v + 147. What are the prime factors of v?
3, 37
Suppose 4*r = 4*d - 616 + 196, d = 3*r + 95. List the prime factors of 11/22*d/1.
5, 11
Let d(z) = z - 18. Let s be d(17). Let r(q) = -55*q**3 - 2*q**2 - q. List the prime factors of r(s).
2, 3
Let c be ((-212)/8)/((-9)/54). Let r(s) = -3*s**2 - 6*s + 1. Let n be r(-7). Let h = c + n. What are the prime factors of h?
5, 11
List the prime factors of (186/21 - 2)/((-4)/(-84)).
2, 3
Let z(a) = 5*a - 4. Suppose -b - 4*b = -2*k - 9, 0 = 2*k + 2*b + 30. Let c = -5 - k. What are the prime factors of z(c)?
31
Let f(u) = -242*u - 326. List the prime factors of f(-6).
2, 563
Let m = 277 - -22. Suppose 0 = -16*b + 1243 - m. What are the prime factors of b?
59
Let b be 2/5 - (-252)/15*-3. Let t = 57 + b. List the prime factors of t.
7
What are the prime factors of (-2 - 2)*(-1511)/4?
1511
Let u(w) = w + 5. Let h be u(-3). Suppose -4*t = 5*l - 3*t - 67, h*l = -3*t + 19. List the prime factors of l.
2, 7
Let h = 454 + 498. List the prime factors of h.
2, 7, 17
Let i = 78 - -73. Suppose -i = -4*f + 193. List the prime factors of f.
2, 43
Let p be 3/(-5)*3*(-40)/12. Let g = 25 - p. What are the prime factors of g?
19
Suppose 188*r - 694 = 187*r. What are the prime factors of r?
2, 347
Suppose 172 = -s + v + 620, s = -4*v + 458. Suppose 0*r - 5*r = -s. Suppose 2*q - 4*b - r = 0, 5*b - 230 = -5*q - 20. List the prime factors of q.
43
Let f = -302 + 492. What are the prime factors of f?
2, 5, 19
Suppose -1016 = -g + 2*a - 334, 3*g = -5*a + 2046. Suppose -2 - 6 = 4*w, 2*v = 5*w + g. Suppose 2*k = c - 0*c - 69, -k - v = -5*c. List the prime factors of c.
67
Let n be (-4 - -5)/(-1) + -37. Let g = n - -10. List the prime factors of (-1128)/(-21) - 8/g.
2, 3
Let u(q) = 15*q - 35. Let f be -2*(-7 - -3)/8*7. What are the prime factors of u(f)?
2, 5, 7
Let u(n) = 75*n**3 - 4*n**2 + 3*n + 8. What are the prime factors of u(2)?
2, 13, 23
Let b = 13 + -9. Suppose -l - 3*l + 3*g + 99 = 0, -5*l = -4*g - 125. Let i = b + l. List the prime factors of i.
5
What are the prime factors of 4/3 - 25049/(-111)?
227
Let r = 118 - -236. What are the prime factors of r?
2, 3, 59
Suppose -5*o + 4*s + 21 = -8, -33 = -5*o + 3*s. Suppose -4*f + o = -f, -4*k - 7 = -5*f. Suppose 7*d - 90 = k*d. What are the prime factors of d?
2, 3
Let b = -51 + 63. Suppose 0*u - 4*u + b = 3*v, 2*v = -u + 8. List the prime factors of v.
2
Let b be 100/26 + (-4)/(-26). Suppose o - 6 + b = 0. Suppose -5*c = -2*g + 53, -c + o*c = -2*g + 23. List the prime factors of g.
2, 7
Let b = -1408 + 3785. List the prime factors of b.
2377
Let y = -1676 + 2676. List the prime factors of y.
2, 5
Let w be 2*1*132/24. Let m = 16 - w. Suppose -2*h - 5*q + 45 = 0, 5*h - 3*q = -m*q + 144. What are the prime factors of h?
2, 3, 5
Let q(n) = -7 - 5*n - 3*n - 2*n. Let r be 55/(-66)*1*6. What are the prime factors of q(r)?
43
Let d be 6/(-4)*2*(-469)/21. Suppose 4*v - 677 = 3*c + d, c = -5*v + 930. What are the prime factors of v?
2, 3, 31
Let y be ((-3)/9)/((-5)/(-30)). Let u be y/(-7) + 5415/35. Suppose 0 = -4*l - 5*f + u, 3*f = l + 2*f - 32. What are the prime factors of l?
5, 7
Let o = 8 + -14. Let m = o + 15. Let g = m + -6. List the prime factors of g.
3
Let q(m) = -11*m + 94. Let y(z) = -7*z + 63. Let k(x) = -5*q(x) + 8*y(x). What are the prime factors of k(13)?
3, 7
Suppose 17*q - 36 = 5*q. Suppose -19 = q*z - 7, 0 = -4*c - 2*z + 1164. What are the prime factors of c?
293
Let x = -403 + 424. List the prime factors of x.
3, 7
Let h be (-1 + 1 + -1)*-2. Suppose 0*x + 34 = h*x. Let m = x - 2. List the prime factors of m.
3, 5
Let k = 3707 - 396. What are the prime factors of k?
7, 11, 43
Let y(z) = 22*z + 8. Let a be y(6). Suppose k - 95 - a = -5*n, 260 = 5*n - 4*k. List the prime factors of (n - 0/2) + -4.
2, 11
Suppose 6 = a - y, 5*y = -7 - 3. What are the prime factors of a?
2
Let z(r) = -r - 1. Let i be z(-6). Suppose -1 - 14 = -i*s. Suppose 111 = 5*c - v, -2*v = -s*v - 1. What are the prime factors of c?
2, 11
Let d be 1*-3 + (-33 - -6). What are the prime factors of (-8695)/d + 3/54*3?
2, 5, 29
Suppose 4*b = -81 + 1. Let o = b + 103. What are the prime factors of o?
83
Suppose 1623 + 3302 = 5*j + 4*r, j + r - 985 = 0. List the prime factors of j.
5, 197
Let v(x) = -x - 11. Let u = -6 - 7. Let g be v(u). Suppose g*a - 94 = -4*l, a + 101 = 5*l - 2*a. List the prime factors of l.
2, 11
Let a = -16 - -19. Suppose a*j + 5 = 35. Let k(t) = t**2 - 4*t + 7. List the prime factors of k(j).
67
Let d(a) = -2*a + 4. Let s be d(-1). Suppose -s*w - 167 = -1019. What are the prime factors of w?
2, 71
Let s be ((-10)/(-6))/((-2)/(-30)). Let o(x) = -2*x**2 + 8*x + 6. Let v be o(6). Let z = v + s. What are the prime factors of z?
7
Let t(x) = -x**2 - 8*x - 6. Let m be t(-2). Let a(h) = h**3 - h**2 - h - 25. List the prime factors of a(m).
149
Let v(u) = u**2 - 11*u + 24. Let g be v(9). What are the prime factors of 0 + (-385)/(-2) - 3/g?
2, 3
Suppose 48*m - 49*m = 4*c - 895, -5 = c. 